Let a(y) = -2*y - 15. Let h be a(-8). Suppose 0 = 5*f, -2*f + 1 - 4 = m. List the prime factors of (6 + m)*6*h.
2, 3
Suppose -2*n + 578 = -176. List the prime factors of n.
13, 29
Suppose 96 = 5*v - 9. What are the prime factors of v?
3, 7
Suppose -3*w = -2*a - 1, 5*a - 8 = 4*w - 7*w. List the prime factors of a/(((-2)/(-48))/1).
2, 3
Let h = 5 - 5. Suppose -4*l + 5*l - 13 = -2*s, l + 3*s - 16 = h. Suppose -y + l = 2*x, -x = 3*y - 0*x - 26. List the prime factors of y.
3
Let b be (18/(-8))/(3/(-8)). Suppose -x + b - 1 = 0. Let w = 23 - x. List the prime factors of w.
2, 3
Let s(k) = 87*k + 1. What are the prime factors of s(2)?
5, 7
What are the prime factors of ((-2265)/60)/((-2)/8)?
151
Let s be (4/(-3))/((-14)/(-231)). Let h = -3 - s. List the prime factors of h.
19
Let u = -8 + 58. Suppose 0 = 5*y + 2*h - u, -2*y + 5*h = -0*y - 20. List the prime factors of y.
2, 5
Let u = 40 + 22. What are the prime factors of u?
2, 31
Suppose -3*f - 19 = -4*f. Let d = f - 11. What are the prime factors of d?
2
Let s = -1 + 2. Let y(w) = s - 3*w**2 + 4*w**2 - 2*w**2 + 4. What are the prime factors of y(0)?
5
Suppose 28*k - 31*k = -147. List the prime factors of k.
7
Suppose -2*y - d - 45 = 3*y, d - 27 = 3*y. Let j = y + 32. List the prime factors of j.
23
Suppose 30 = -2*q + 122. What are the prime factors of q?
2, 23
Let c = 38 - 16. List the prime factors of c.
2, 11
Suppose 5*s = -3*y + 50 + 66, y = 2. List the prime factors of s.
2, 11
Suppose -11*y = -6*y - 220. List the prime factors of y.
2, 11
Let z(c) = 2*c + 10. What are the prime factors of z(11)?
2
Suppose -4*p + 4 = -8. Suppose -2*d + p + 7 = 0. List the prime factors of d.
5
Let o be (1/4)/(3/276). Let n = o + -8. List the prime factors of n.
3, 5
Let f = 5 - -10. What are the prime factors of f?
3, 5
Suppose -l = -3*o - 19, -2*o - 5*l - 4 = 3. Let x be -4*9/o + 0. Suppose 5*u - x = 3*u. What are the prime factors of u?
3
Let s(l) = -20*l + 2. Let b be s(-3). Suppose 5*n + b - 2 = 0. What are the prime factors of (n/14 - 0)*-14?
2, 3
Let u = -1 + 5. Suppose -30 = 3*y - u*y. Suppose -3*r = 2*r - y. What are the prime factors of r?
2, 3
Let a(h) = h - 3. Let q be a(5). Let j(x) = 3*x**2 - 5*x**q - 3 + 5*x + 4*x**2. List the prime factors of j(-4).
3
Suppose -6*r = -3*r - 12. Suppose -2*i = -4*x + 4, -4*i + 37 = 5*x - r*x. What are the prime factors of i?
2
Let r(m) = -18*m**2 + m. Let z be r(-1). Let s = z + 43. List the prime factors of s.
2, 3
What are the prime factors of (-2)/(1/28*-2)?
2, 7
Let t(y) = 2*y - 5. Let s(w) = -3*w + 11. Let f(d) = 2*s(d) + 5*t(d). Suppose 0 = 3*j - 4*j - b - 3, -20 = 4*b. What are the prime factors of f(j)?
5
Let k = 6 + -9. Let l be 78/(-5) + k/(-5). What are the prime factors of ((-10)/l)/((-2)/(-12))?
2
What are the prime factors of (22/6)/(1/9)?
3, 11
Let r(h) = 8*h**2 + 11*h - 1. List the prime factors of r(4).
3, 19
Let t(s) = s**3 + 12*s**2 + 3. Let j be t(-12). Suppose 2 + 22 = j*c. List the prime factors of c.
2
Let h(d) = -d + 14. What are the prime factors of h(0)?
2, 7
Let k(a) be the third derivative of a**6/120 - a**4/24 + 4*a**3/3 + 2*a**2. List the prime factors of k(0).
2
Suppose p - 168 = -3*p. What are the prime factors of p?
2, 3, 7
Let g = 45 - 27. Let o = -9 + g. List the prime factors of o.
3
What are the prime factors of 2 - (2 + -1) - -4?
5
Let q be (-38)/(-5) + 4/10. Let w be ((-4)/q)/((-1)/(-32)). Let b = -6 - w. What are the prime factors of b?
2, 5
List the prime factors of (3 + -5)/(2/(-25)).
5
Let j = 38 - 65. Let z be 92/9 - (-6)/j. Suppose 5*o + z = 25. List the prime factors of o.
3
What are the prime factors of (-186)/(-7) - 28/49?
2, 13
Suppose -2*a + l - 1 = -2*l, 0 = 3*a + 2*l - 18. Suppose 0*c + 3*z = -a*c + 223, 5*z = 4*c - 183. List the prime factors of c.
2, 13
Let x = 125 - 70. Suppose -4*d + x = -89. List the prime factors of d.
2, 3
Let i(p) = p**2 + 6*p - 4. Let h be i(-6). Let n be 3/(-2)*h/3. Suppose -3*g = -4*b - 19, -g - b + n*b + 6 = 0. List the prime factors of g.
5
Let k(v) = v**3 + v - 1. Let o be k(0). What are the prime factors of (5 - 3) + (1 - o)?
2
Let c(u) = u**3 - 2*u + 1. Let x = -7 - -10. What are the prime factors of c(x)?
2, 11
Suppose -2*o = l + l - 10, l + 3*o = 15. Suppose -r + 3*m + 4 = l, 2*r - 2 + 15 = -m. What are the prime factors of (-18)/(-2) - 0/r?
3
Suppose -4*u + 634 = 14. List the prime factors of u.
5, 31
Let i(g) = 3*g - 2. Let p be i(2). Suppose 8 = -p*k + 40. List the prime factors of k.
2
Suppose -4*f = 2*g + 2*g - 48, -5*f + g + 36 = 0. Suppose f*q - 3*q = 0. Let l(t) = t + 11. What are the prime factors of l(q)?
11
Let c(u) = -2 - 2 + u**2 + 0*u**2 + u. Let r be c(-3). Suppose -2*h + r*t - 2 + 14 = 0, 2*t = -5*h + 51. List the prime factors of h.
3
Let g(c) = 3*c**2 - 4*c - 27. List the prime factors of g(-5).
2, 17
Let i(m) = -7*m**3 + 31*m**2 - 31*m + 18. Let o(h) = -4*h**3 + 16*h**2 - 16*h + 9. Let q(x) = -3*i(x) + 5*o(x). List the prime factors of q(12).
3
Let q(i) = 1. Let c(x) = -x - 3. Let r(d) = -2*c(d) - 7*q(d). What are the prime factors of r(5)?
3
List the prime factors of (-22)/(-6) + (-2)/(-6).
2
Let l = -29 - -58. What are the prime factors of l?
29
Let s(k) = 3*k. Let u be s(-3). Let n(i) = 1 + i**2 + 0 - 2 + 8*i - 1. List the prime factors of n(u).
7
Let q = 6 - 3. Suppose -2*g + 10 = q*g. List the prime factors of g.
2
Let t be 5/(-35) + (-402)/(-21). Suppose t*y + 216 = 23*y. List the prime factors of y.
2, 3
Let x = 9 + -5. Let l = 5 - 3. Suppose 0 = -l*y + x*q - 12, -4*q + 24 + 4 = 2*y. What are the prime factors of y?
2
Let f be 1*38/(-3)*-3. Suppose 2*b - 1 = -3, 2*w + b - 43 = 0. Let r = f - w. What are the prime factors of r?
2
Let x be (-1)/((-3)/(-3)) - -4. Let d(o) = 0*o**3 - 2*o - 2 + o**3 - 5*o**2 - x*o. List the prime factors of d(6).
2
Let o = -51 + 93. List the prime factors of o.
2, 3, 7
Let y = 6 - 12. Let s(r) = -r + 1. Let w(d) = -5*d + 7. Let n(c) = y*s(c) + w(c). What are the prime factors of n(7)?
2
Let a be (-5)/(-5)*(0 - -15). Let z = a + -10. Suppose -4*i = f + 2, z*f - 7 - 37 = -2*i. What are the prime factors of f?
2, 5
Let t = -51 - -114. List the prime factors of t.
3, 7
Suppose 17 = 5*z - a + 5*a, -2*a - 24 = -4*z. Suppose 3*v - z*h = 40, -5*v + 3*h + 40 = -0*v. What are the prime factors of v?
5
Let a be (3 - -3)/((-6)/(-176)). Suppose j - a = -3*j. Suppose 0 = 5*y - y - j. What are the prime factors of y?
11
Let y(d) = d. Let n be y(6). Suppose -n + 18 = 4*k. Suppose 2*h = 5 + k. What are the prime factors of h?
2
Let p(s) = -s**2 - s - 1. Let y be p(-2). Let u be (y/(-5))/(5/25). Suppose 2*z = -2*n + 4, 3*z + u*n - n - 9 = 0. List the prime factors of z.
5
Suppose -v = -3*v + 18. Let g = -3 + v. What are the prime factors of g?
2, 3
What are the prime factors of (326 - -3) + -4 + 4?
7, 47
Let m be 46/4 - (-1)/(-2). Suppose l - 1 = g - 0, -2*l + g = -1. Suppose -m = -4*p - p + 4*n, -5*n + 5 = l. List the prime factors of p.
3
Suppose -3*x + 0 - 3 = 0. Let l be x - (12/3)/(-2). Suppose w - 3*d = -3 + l, 2*w = d + 21. List the prime factors of w.
13
Suppose o - 9 = -w, 2*w - 4*w + 8 = 4*o. List the prime factors of w.
2, 7
Let d = -46 + 90. List the prime factors of d.
2, 11
Suppose 0 = -d - 1 + 5. What are the prime factors of d?
2
Let j be (0 - -3)*1/3. What are the prime factors of (-1)/(2 - j) + 9?
2
Let v = -8 + 17. Suppose -2*d = -v - 25. What are the prime factors of d?
17
Suppose 110 = 3*i - 25. Let f = 77 - i. What are the prime factors of f?
2
Let r(b) = 23*b**3 + b**2 + b - 1. Let v be r(1). Suppose 2*i + 5 = -7. Let p = v + i. What are the prime factors of p?
2, 3
Let n = -12 + 40. What are the prime factors of n?
2, 7
Suppose 8*s - 37 = 27. What are the prime factors of s?
2
Suppose 4*l = -5*g - 5 - 5, -5*l = 4*g + 17. Suppose 0 = -3*d - 12, -3*n - g = -6*n - d. Suppose -3*v + 35 = n*v. List the prime factors of v.
7
List the prime factors of -5*(-8)/20 - (-155 + -2).
3, 53
Let s(w) = -w**2 - 3*w + 2. Let l be s(-3). Suppose -5 = i + 4*a + a, -l = a. Suppose -3*f + 30 = -0*u + 3*u, f = i*u - 32. What are the prime factors of u?
7
Let m(x) = 7*x**2 + 3*x - 11. What are the prime factors of m(4)?
113
Suppose 318 = 318*c - 316*c. List the prime factors of c.
3, 53
Let s be ((-10)/(-25))/(1/5). What are the prime fa